{"id":3468,"date":"2025-06-26T11:48:08","date_gmt":"2025-06-26T03:48:08","guid":{"rendered":"https:\/\/jblcorten.com\/?post_type=product&#038;p=3468"},"modified":"2025-06-26T17:16:40","modified_gmt":"2025-06-26T09:16:40","slug":"tragbare-gas-feuerstelle","status":"publish","type":"product","link":"https:\/\/jblcorten.com\/de_de_formal\/portable-gas-fire-pit\/","title":{"rendered":"Tragbare Gas-Feuerstelle"},"content":{"rendered":"<h2 style=\"text-align: center;\"><span style=\"font-size: 14pt;\">Tragbare Gas-Feuerstelle<\/span><\/h2>\n<p>Diese hochwertige tragbare Gasfeuerstelle ist der perfekte Begleiter f\u00fcr das Leben im Freien. Sie ist aus Kohlenstoffstahl gefertigt und die Oberfl\u00e4che ist lackiert, was sowohl sch\u00f6n als auch langlebig ist. Das einzigartige 360-Grad-Ringbrenner-Design in Kombination mit der aus Deutschland importierten Verbrennungstechnologie sorgt daf\u00fcr, dass die Flamme gleichm\u00e4\u00dfig verteilt und stabil ist, und die Verbrennungseffizienz ist so hoch wie 95%.<\/p>\n<p>Die starke Heizleistung von 52000 BTU kann in 3 Sekunden gez\u00fcndet werden, und die Feuerleistung kann mit einem Knopf eingestellt werden, um die Bed\u00fcrfnisse verschiedener Szenen zu erf\u00fcllen. Dank der winddichten Abdeckung brennt die Flamme auch bei einer Brise stabil weiter.<\/p>\n<p>Das tragbare Design nimmt nur 20,5*20,5*12,8cm Platz nach der Lagerung, wiegt nur 32lbs, und kommt mit einer speziellen Aufbewahrungstasche, so dass Sie es leicht zu tragen, wo Sie wollen. Verabschieden Sie sich von Rauch und Feuer traditioneller Lagerfeuer und genie\u00dfen Sie das saubere und rauchfreie moderne Feuererlebnis.<\/p>\n<p><img fetchpriority=\"high\" decoding=\"async\" class=\"alignnone wp-image-3475 size-full\" title=\"tragbare Gas-Feuerstelle\" src=\"https:\/\/jblcorten.com\/wp-content\/uploads\/2025\/06\/portable-gas-fire-pit-for-sale.jpg\" alt=\"\" width=\"1000\" height=\"588\" srcset=\"https:\/\/jblcorten.com\/wp-content\/uploads\/2025\/06\/portable-gas-fire-pit-for-sale.jpg 1000w, https:\/\/jblcorten.com\/wp-content\/uploads\/2025\/06\/portable-gas-fire-pit-for-sale-300x176.jpg 300w, https:\/\/jblcorten.com\/wp-content\/uploads\/2025\/06\/portable-gas-fire-pit-for-sale-768x452.jpg 768w, https:\/\/jblcorten.com\/wp-content\/uploads\/2025\/06\/portable-gas-fire-pit-for-sale-18x12.jpg 18w, https:\/\/jblcorten.com\/wp-content\/uploads\/2025\/06\/portable-gas-fire-pit-for-sale-600x353.jpg 600w\" sizes=\"(max-width: 1000px) 100vw, 1000px\" \/><\/p>\n<table style=\"border-collapse: collapse; width: 100%;\">\n<tbody>\n<tr>\n<td style=\"width: 38.9305%; background-color: #f5f5f5;\">Produktname<\/td>\n<td style=\"width: 61.0695%; background-color: #f5f5f5;\">Tragbare Gas-Feuerstelle<\/td>\n<\/tr>\n<tr>\n<td style=\"width: 38.9305%;\">Material<\/td>\n<td style=\"width: 61.0695%;\">Kohlenstoffstahl, rostfreier Stahl<\/td>\n<\/tr>\n<tr>\n<td style=\"width: 38.9305%; background-color: #f5f5f5;\">Farbe<\/td>\n<td style=\"width: 61.0695%; background-color: #f5f5f5;\">Schwarz<\/td>\n<\/tr>\n<tr>\n<td style=\"width: 38.9305%;\">Gr\u00f6\u00dfe<\/td>\n<td style=\"width: 61.0695%;\">20.5*20.5*12.8cm<\/td>\n<\/tr>\n<tr>\n<td style=\"width: 38.9305%; background-color: #f5f5f5;\">Kraftstoff<\/td>\n<td style=\"width: 61.0695%; background-color: #f5f5f5;\">Propan<\/td>\n<\/tr>\n<\/tbody>\n<\/table>\n<p style=\"text-align: center;\"><span style=\"font-size: 14pt; color: #37ab1a;\"><strong>Warum die Gas-Feuerstelle?<\/strong><\/span><\/p>\n<p><strong>KEIN RAUCH oder Asche:<\/strong> Diese Gasfeuerstelle bietet ein sauberes, rauchfreies und realistisches Lagerfeuer. Sie m\u00fcssen kein teures Brennholz vorbereiten und transportieren, Sie m\u00fcssen kein Feuer mehr machen. Genie\u00dfen Sie einfach das bequeme Leben im Freien.<\/p>\n<p><strong>TRAGBAR UND LEICHT ZU TRANSPORTIEREN:<\/strong> Diese tragbare Feuerstelle in kompakter Gr\u00f6\u00dfe, leicht und platzsparend gemacht. Sie k\u00f6nnen sie in den Kofferraum Ihres Autos legen und sie \u00fcberallhin mitnehmen, wo Sie hingehen m\u00f6chten. Gr\u00f6\u00dfe: 20,5*20,5*12,8cm.<\/p>\n<p><strong>PERFEKTES MITTELST\u00dcCK F\u00dcR DEN AUSSENBEREICH:<\/strong> Die tragbare Gas-Feuerstelle mit klassischem, mattschwarzem Brenner und einer Heizleistung von 52.000 Btu sorgt f\u00fcr W\u00e4rme und schafft eine Atmosph\u00e4re f\u00fcr Hinterhofgespr\u00e4che, Campingheizung, Wohnmobilreisen, Strandpartys und Terrassen. Teilen Sie die guten Zeiten mit Familie und Freunden in Komfort und Stil \u00fcberall im Freien.ETL und CE-Zulassung.<\/p>\n<p><img decoding=\"async\" class=\"alignnone size-full wp-image-3485\" src=\"https:\/\/jblcorten.com\/wp-content\/uploads\/2025\/06\/outdoor-propane-fire-pit-1.jpg\" alt=\"Propangas-Feuerstelle im Freien\" width=\"1000\" height=\"400\" title=\"\" srcset=\"https:\/\/jblcorten.com\/wp-content\/uploads\/2025\/06\/outdoor-propane-fire-pit-1.jpg 1000w, https:\/\/jblcorten.com\/wp-content\/uploads\/2025\/06\/outdoor-propane-fire-pit-1-300x120.jpg 300w, https:\/\/jblcorten.com\/wp-content\/uploads\/2025\/06\/outdoor-propane-fire-pit-1-768x307.jpg 768w, https:\/\/jblcorten.com\/wp-content\/uploads\/2025\/06\/outdoor-propane-fire-pit-1-18x7.jpg 18w, https:\/\/jblcorten.com\/wp-content\/uploads\/2025\/06\/outdoor-propane-fire-pit-1-600x240.jpg 600w\" sizes=\"(max-width: 1000px) 100vw, 1000px\" \/><\/p>","protected":false},"excerpt":{"rendered":"<p>Diese tragbare Gas-Feuerstelle hat eine starke Heizleistung von 52.000 BTU, kann in 3 Sekunden angez\u00fcndet werden, und die Feuerleistung kann mit einem Knopf eingestellt werden, um die Bed\u00fcrfnisse der verschiedenen Szenen zu erf\u00fcllen. Mit der winddichten Abdeckung kann die Flamme auch bei einer Brise stabil am Brennen gehalten werden.<\/p>\n<p>&nbsp;<\/p>","protected":false},"featured_media":3473,"template":"","meta":{"site-sidebar-layout":"default","site-content-layout":"","ast-site-content-layout":"default","site-content-style":"default","site-sidebar-style":"default","ast-global-header-display":"","ast-banner-title-visibility":"","ast-main-header-display":"","ast-hfb-above-header-display":"","ast-hfb-below-header-display":"","ast-hfb-mobile-header-display":"","site-post-title":"","ast-breadcrumbs-content":"","ast-featured-img":"","footer-sml-layout":"","ast-disable-related-posts":"","theme-transparent-header-meta":"default","adv-header-id-meta":"","stick-header-meta":"","header-above-stick-meta":"","header-main-stick-meta":"","header-below-stick-meta":"","astra-migrate-meta-layouts":"set","ast-page-background-enabled":"default","ast-page-background-meta":{"desktop":{"background-color":"var(--ast-global-color-4)","background-image":"","background-repeat":"repeat","background-position":"center center","background-size":"auto","background-attachment":"scroll","background-type":"","background-media":"","overlay-type":"","overlay-color":"","overlay-opacity":"","overlay-gradient":""},"tablet":{"background-color":"","background-image":"","background-repeat":"repeat","background-position":"center center","background-size":"auto","background-attachment":"scroll","background-type":"","background-media":"","overlay-type":"","overlay-color":"","overlay-opacity":"","overlay-gradient":""},"mobile":{"background-color":"","background-image":"","background-repeat":"repeat","background-position":"center center","background-size":"auto","background-attachment":"scroll","background-type":"","background-media":"","overlay-type":"","overlay-color":"","overlay-opacity":"","overlay-gradient":""}},"ast-content-background-meta":{"desktop":{"background-color":"var(--ast-global-color-5)","background-image":"","background-repeat":"repeat","background-position":"center center","background-size":"auto","background-attachment":"scroll","background-type":"","background-media":"","overlay-type":"","overlay-color":"","overlay-opacity":"","overlay-gradient":""},"tablet":{"background-color":"var(--ast-global-color-5)","background-image":"","background-repeat":"repeat","background-position":"center center","background-size":"auto","background-attachment":"scroll","background-type":"","background-media":"","overlay-type":"","overlay-color":"","overlay-opacity":"","overlay-gradient":""},"mobile":{"background-color":"var(--ast-global-color-5)","background-image":"","background-repeat":"repeat","background-position":"center center","background-size":"auto","background-attachment":"scroll","background-type":"","background-media":"","overlay-type":"","overlay-color":"","overlay-opacity":"","overlay-gradient":""}}},"product_brand":[],"product_cat":[29,47],"product_tag":[],"class_list":{"0":"post-3468","1":"product","2":"type-product","3":"status-publish","4":"has-post-thumbnail","6":"product_cat-fire-pit","7":"product_cat-gas-fire-pit","8":"desktop-align-center","9":"tablet-align-left","10":"mobile-align-left","12":"first","13":"instock","14":"shipping-taxable","15":"product-type-simple"},"_links":{"self":[{"href":"https:\/\/jblcorten.com\/de_de_formal\/wp-json\/wp\/v2\/product\/3468","targetHints":{"allow":["GET"]}}],"collection":[{"href":"https:\/\/jblcorten.com\/de_de_formal\/wp-json\/wp\/v2\/product"}],"about":[{"href":"https:\/\/jblcorten.com\/de_de_formal\/wp-json\/wp\/v2\/types\/product"}],"wp:featuredmedia":[{"embeddable":true,"href":"https:\/\/jblcorten.com\/de_de_formal\/wp-json\/wp\/v2\/media\/3473"}],"wp:attachment":[{"href":"https:\/\/jblcorten.com\/de_de_formal\/wp-json\/wp\/v2\/media?parent=3468"}],"wp:term":[{"taxonomy":"product_brand","embeddable":true,"href":"https:\/\/jblcorten.com\/de_de_formal\/wp-json\/wp\/v2\/product_brand?post=3468"},{"taxonomy":"product_cat","embeddable":true,"href":"https:\/\/jblcorten.com\/de_de_formal\/wp-json\/wp\/v2\/product_cat?post=3468"},{"taxonomy":"product_tag","embeddable":true,"href":"https:\/\/jblcorten.com\/de_de_formal\/wp-json\/wp\/v2\/product_tag?post=3468"}],"curies":[{"name":"wp","href":"https:\/\/api.w.org\/{rel}","templated":true}]}}